ed by g.
10
Let x(z) = z**3 + 2*z - 1. Calculate the remainder when x(4) is divided by 37.
34
Let w = -1 + -4. Let l = w - -2. Let x = l + 6. What is the remainder when 4 is divided by x?
1
Let f = -7 + 13. Suppose -3*g = f, g - 5 + 51 = j. Suppose -a = -3*c + 4*c - j, -3*c - a + 138 = 0. What is the remainder when c is divided by 24?
23
Suppose 0 = -2*g + g - 6. Let z = 1 - g. Calculate the remainder when z is divided by (-39)/(-15) + 4/10.
1
Let b = 0 + 10. Let p = 32 + -23. Let x = p - -9. What is the remainder when x is divided by b?
8
Let c = 42 - 37. What is the remainder when 19 is divided by c?
4
Let c = 37 + 38. Suppose 0 = -5*o + l + 87, 5*o - c = -0*o + 5*l. Calculate the remainder when o is divided by 0 - -10 - (-2 - -2).
8
Let g(i) = -7*i - 4. Let r = 12 - 11. Suppose -r = 2*f - 21. What is the remainder when g(-3) is divided by f?
7
Let k = -21 - -35. Let t(n) = n**2 - 4*n + 3. Let j be t(3). Suppose j*s + 27 = s. Calculate the remainder when s is divided by k.
13
Let t = -16 - 16. Let a be (0 + -58)/((-8)/t). Calculate the remainder when 14 is divided by a/(-28) + 4/(-14).
6
Suppose -13*k - 80 = -18*k. Calculate the remainder when 76 is divided by k.
12
Calculate the remainder when (-2*1 + -79)/(2/(-2)) is divided by 42.
39
Suppose -4*t + 2*t = -72. Calculate the remainder when t is divided by 39/2 - 1/2.
17
Suppose 5*d - 3*d + 8 = r, 5*d = -5*r + 85. What is the remainder when 27 is divided by r?
13
Let a(d) = 6*d. Let o = 5 + -6. Let s be a(o). Calculate the remainder when 23 is divided by 8/(-3*2/s).
7
Let c(k) be the second derivative of -k**3/6 + 7*k**2 + k. Let h be c(7). Let f = 15 - h. Calculate the remainder when 14 is divided by f.
6
Suppose -5 = 4*d - 21. Suppose 2*l - 18 = -d. Suppose -2*v + 0 = q - l, 0 = -q - 5*v - 2. What is the remainder when q is divided by 5?
3
Let a = 4 - 18. Calculate the remainder when 43 is divided by (-3)/2*(4 + a).
13
Let g(b) = -1 + b + 0*b**2 + 5 + b**2. What is the remainder when -1*2*(-87)/6 is divided by g(-3)?
9
Suppose -r = -q - 5, 8*r = 4*r - 3*q + 6. Suppose -4*a + 11 = -r*a. Calculate the remainder when 19 is divided by a.
8
Let d(j) = -j**3 - 2*j**2 + 1. What is the remainder when 17 is divided by d(-3)?
7
Suppose 0 = 3*f - 66 + 12. Calculate the remainder when 89 is divided by f.
17
Let z = -17 + -11. What is the remainder when (-1 + 4 - z)*1 is divided by 16?
15
Let t = -39 + -9. Let o = t + 70. Let n(u) = 2*u**2 + 6*u + 8. What is the remainder when n(-7) is divided by o?
20
Let f(i) = i**3 + 8*i**2 - i + 10. Let p be f(-8). Calculate the remainder when p + (-2 + 1 - 0) is divided by 9.
8
Suppose -6*l + 66 = -3*l. Let x = l - 4. Calculate the remainder when 69 is divided by x.
15
Let y(i) be the second derivative of i**5/20 - i**4/2 + i**3 - i**2 + 7*i. Calculate the remainder when 12 is divided by y(5).
0
Let b(l) = -2*l**2 - 14*l + 5. What is the remainder when 22 is divided by b(-7)?
2
Let l = -16 + 22. Suppose 4*x = 0, 0 = 2*k - 2*x + l - 28. Suppose -6*h + 64 = -4*h. Calculate the remainder when h is divided by k.
10
Let g be 2 + (-1)/(-1) + -1. Suppose 0 = 5*c + g*q - 103, -61 + 15 = -2*c + 4*q. Calculate the remainder when 61 is divided by c.
19
Suppose 56 + 16 = 4*j. Let z(w) = -w**3 - 2*w**2 - w - 2. Let y(x) = x**3 + 6*x**2 - 4. Let l be y(-6). Calculate the remainder when z(l) is divided by j.
16
Let f be 4/6 - (-75)/9. Calculate the remainder when 8 is divided by 1*-9*(-3)/f.
2
Let m(r) = -r + 10. What is the remainder when 33 is divided by m(3)?
5
Suppose -1 = -z + 12. Let g = -3 + z. Calculate the remainder when g is divided by 6.
4
Let a(l) = l**3 + 7*l**2 - 2*l. Let g be a(-5). Suppose 6*y = y + g. Calculate the remainder when y is divided by 5.
2
Let k(c) = 3*c - 14. Let r = 47 - 10. What is the remainder when r is divided by k(9)?
11
Let h(r) = 2*r + 8. Let n be -7*2/(-4 - -2). What is the remainder when h(n) is divided by 8?
6
Let g(z) = -z + 5. What is the remainder when 51 is divided by g(-8)?
12
Suppose 0 = -5*v - 0*v + 185. What is the remainder when v is divided by 10?
7
Let h = -27 + 44. What is the remainder when 47 is divided by h?
13
Let y(h) = h**3 + 9*h**2 + 8*h + 3. Let p be y(-8). Let v = 5 + -1. Suppose 8 = -p*r + v*r. What is the remainder when 14 is divided by r?
6
Suppose -2*u + 2 = 6. Let j = 21 - 35. Let h = u - j. Calculate the remainder when 47 is divided by h.
11
Let g = 23 + 1. Calculate the remainder when g is divided by 13.
11
Suppose h = 2*h - 2. Let f(v) = v + 5. Let k be (1 - 1)*10/20. Calculate the remainder when f(k) is divided by h.
1
Suppose -7*c - 8 = -9*c. Suppose -c*n = -2*n - 14. Suppose -3*k + 12 = a - 7*k, -a + 2*k + 12 = 0. Calculate the remainder when a is divided by n.
5
Suppose 0 = -b + 10 - 5. Let t = -67 - -84. What is the remainder when t is divided by b?
2
Let d(h) = -h**3 + 8*h**2 - 9*h + 8. Let a be d(8). Let y = a - -101. Calculate the remainder when y is divided by 13.
11
Let m(r) = -r**3 + 6*r**2 + 2*r - 7. Let f be m(6). Suppose -p - f*g - 23 = 0, 0*g - 5*g = 5*p + 15. Calculate the remainder when 2 is divided by p.
0
Let g = 38 - 33. Let u(a) = a + 4. Let i be u(-4). Suppose -5*k + 85 = -4*s, 3*k + 5*s = -i*k + 14. Calculate the remainder when k is divided by g.
3
Suppose -2*k = 2*m - 26, 0 = 3*m - 2*k + 3*k - 35. Let n(r) = r - 1. What is the remainder when m is divided by n(5)?
3
Suppose o = -4*u + 6, 0*o = 5*o - u - 9. Suppose z = -4*z - 40. Let m = 14 + z. What is the remainder when m is divided by o?
0
Let l be (-4)/6 - 52/3. Let k = l + 27. Suppose -k - 6 = -3*u + 4*s, 0 = -5*u - 4*s + 57. What is the remainder when u is divided by 5?
4
Suppose 5*d - 11 - 9 = 0. Suppose d*a + 2 - 14 = 0. Suppose a - 24 = -j. Calculate the remainder when 40 is divided by j.
19
Let m = 85 + -76. What is the remainder when 25 is divided by m?
7
Let p = 6 - 7. Let h = p + 3. Suppose -h*m = -4*w + 2*w - 18, -4*w = 3*m - 20. What is the remainder when 23 is divided by m?
7
Suppose -29*s + 34*s = 80. Calculate the remainder when s is divided by 2.
0
Suppose -2*z - 6 = -5*z. Suppose -v - z*v = -15. What is the remainder when 33/v - 2/(-5) is divided by 4?
3
Let z = 93 - 45. Calculate the remainder when z is divided by 17.
14
Suppose 0 = 8*k - 4*k - 72. Calculate the remainder when 64 is divided by k.
10
Let t(x) = 2*x**2 + x - 1. Let m be t(1). Suppose 8 = -4*h + m*h. What is the remainder when 12 is divided by (-26)/h + (-4)/(-8)?
5
Suppose 2*w - 10 + 2 = h, -4 = -5*h - w. Suppose -b - b = h. Calculate the remainder when 7 is divided by (b - (2 + -1))*-4.
3
Suppose 5*o - 876 = h, -o + 3*h = -4*o + 540. What is the remainder when o is divided by 45?
41
Suppose 5*g = g + 144. Calculate the remainder when g is divided by ((-52)/8)/((-1)/2).
10
Let h(t) = -t**2 + 17*t - 19. Calculate the remainder when h(11) is divided by 10.
7
Let b be ((-8)/6)/((-2)/3). What is the remainder when b*1 - (1 - 2) is divided by 3?
0
Calculate the remainder when 54 is divided by (-168)/15*10/(-4).
26
What is the remainder when 94 is divided by 2321/121 - (-4)/(-22)?
18
Let m(r) = r**2 - 6*r - 9. What is the remainder when m(8) is divided by 5?
2
Suppose -3*g + 3 = 0, -g + 23 = -4*h - 2*g. Let d(z) = -3*z**2 - 13*z + z**2 + z**2 - 6. What is the remainder when d(h) is divided by 13?
10
Let u = -4 - -6. Suppose l = 4 + u. Calculate the remainder when l is divided by 4.
2
Suppose -6*p + 31 = -29. Calculate the remainder when 34 is divided by p.
4
Let x be (-654)/12 + 1/(-2). Suppose 2*g = 61 - 225. Let i = x - g. Calculate the remainder when i is divided by 14.
13
Let v(g) = 20*g - 2. Calculate the remainder when v(3) is divided by 222/11 + (-2)/11.
18
Suppose 2*o - 104 = -5*t, 5*o = 2*o + 6. Let r(f) = f**3 - f + 14. Let q be r(0). Suppose -2*z = -4*z + q. Calculate the remainder when t is divided by z.
6
Let y = 58 + 17. Suppose 5*v - 12 = 3*s + 3, 0 = 5*s - 2*v + 6. Suppose -4*a - a + y = s. Calculate the remainder when 42 is divided by a.
12
Let r(k) be the first derivative of k**2 - 2*k + 1. Let t(l) = l**2 - 3*l - 2. Let a be t(-1). What is the remainder when 4 is divided by r(a)?
0
Suppose 3*k + 0 = -5*f + 5, 21 = 5*k + 2*f. Suppose 2*t + 2 - 20 = 0. What is the remainder when t is divided by k?
4
Let h(n) = n**3 + 7*n**2 + 2*n + 8. Let